What is the tens digit of a?
8
Let d(p) = p**2 - 3*p - 31. Let g be d(-5). Suppose -g*t + 1704 = -78. What is the units digit of t?
8
Suppose 0 = -9*r + 49269 + 5998 + 95429. What is the thousands digit of r?
6
Suppose -3*j + 60 + 96 = 0. Let q = j + -48. Suppose -q*t = 168 - 448. What is the tens digit of t?
7
Suppose -310 - 282 = 37*f. Let c(w) be the second derivative of -w**4/12 - 4*w**3 - 32*w**2 - 3*w. What is the units digit of c(f)?
4
Suppose 5*o + 0*o = -550. Let d = 201 + o. What is the tens digit of d?
9
Suppose -4*b = -1 + 1. Suppose -22*j = -17*j - 20. Suppose b = -3*s - j*a + 710 - 60, 4*a + 876 = 4*s. What is the hundreds digit of s?
2
What is the units digit of (-2145)/1170 - (-26741)/6?
5
Let a(o) = -o - 4. Let m be a(-8). Let h = -37 + 39. Suppose 2*l = h, 0 = 2*g + 4*l + m - 58. What is the tens digit of g?
2
Let i(j) be the second derivative of -9*j**2 - 13/6*j**3 + 0 + 12*j. What is the tens digit of i(-10)?
1
What is the ten thousands digit of (1750/(-25) + -13)/(1/(-211))?
1
Let a(p) = 47*p**2 + 169*p - 11. What is the thousands digit of a(-17)?
0
Let o = 23430 + 4815. What is the units digit of o?
5
Let k(u) = u**2 + 5*u + 5. Let q be k(-1). What is the tens digit of 340/q + -5 + 0?
3
Suppose -9*y = -10*y - 111. Let u = 123 + y. Suppose -k + u = -s + 111, -5*k = -2*s + 210. What is the units digit of s?
5
Suppose 7*u - 785 - 20572 = 0. Let c = 4519 - u. What is the units digit of c?
8
Let w be (-9062)/69*3/(-2)*4. Suppose -n = -3*a - w, 3*n - n + a - 1541 = 0. What is the hundreds digit of n?
7
Let r(b) = 48*b**2 + 2*b + 11. Let v be (9 - (1 + 3)) + -1. What is the hundreds digit of r(v)?
7
Let n(m) = 316*m**2 + 2*m. Suppose 10*u + 6 = 16. What is the tens digit of n(u)?
1
Let z = 1402 + -609. Suppose l + 3*x + 2*x - 808 = 0, 0 = -l - 2*x + z. What is the tens digit of l?
8
Let s(h) = 3*h**2 + 30*h + 32. Let w be s(-13). Let f = w - 95. Suppose -46*r + f*r = 1536. What is the tens digit of r?
9
Let x = -1331 - -8112. What is the units digit of x?
1
Let a = 74806 - 28747. What is the ten thousands digit of a?
4
Suppose 9*l - 30*l + 525 = 0. Suppose -17*c + l*c = 5360. What is the hundreds digit of c?
6
Suppose 0 = 14*s - 7*s - 14. Suppose a = -3*i - 64 + 912, 566 = s*i + a. Let g = i + -88. What is the tens digit of g?
9
Suppose 10*i + 4*n = 51102, 2*i - 2*n - 5443 = 4769. What is the tens digit of i?
0
Let y(j) = -8*j + 17. Let f be (((-8)/(-5))/(-2))/((-2)/5). Let m be f/(-19) + (-678)/57. What is the tens digit of y(m)?
1
Let v(q) = 67*q + 116. Let m be v(20). Suppose m = 3*x - 452. What is the units digit of x?
6
Let z(m) = 200*m**2 - 37*m - 970. What is the hundreds digit of z(-14)?
7
Let v(f) = 16*f**2 + 67*f - 20. What is the units digit of v(-20)?
0
What is the tens digit of ((-48963)/(-38))/(20/(-16) - -2)?
1
Suppose 0 = 3*p - 3*c - 21, 5*p + 5*c - 29 = 4*c. What is the units digit of p/(-16) + (-48528)/(-384)?
6
Let q be (331/9 - 2) + 6/27. Let j(w) = 8 + q*w + 25 + w**2 - 51*w. What is the units digit of j(20)?
3
Let t = -12 - -30. Suppose 2*q - 2*b = t, -2*b + 14 = 5*q - 10. What is the units digit of 1 + 2 - 0*(-2)/q?
3
Suppose -89670 = 8*q - 57*q. Suppose 30*f - q = 28*f. What is the tens digit of f?
1
Let j(b) = -4*b**3 + 205*b**2 + 119*b - 91. What is the hundreds digit of j(49)?
3
Suppose 4*t - 1916 = -4*n, -4*t = -11*n + 9*n + 982. Let b = n - 298. What is the tens digit of b?
8
Suppose -46252 - 19786 = -53*u. What is the tens digit of u?
4
Let k = 42 + -48. Let o(r) = -r**3 - 6*r**2 - 10*r - 10. Let w be o(k). What is the units digit of (1/((-4)/(-58)))/(w/100)?
9
Let z(a) be the third derivative of -17*a**4/12 + 126*a**3 - 180*a**2. What is the hundreds digit of z(0)?
7
Suppose -2*p = 4*a - 63618, -4*p - 5*a + 69912 = -57306. What is the hundreds digit of p?
7
Suppose 0 = -2*x - 2*t + 47496, -4*x - 14*t + 16*t + 95004 = 0. What is the thousands digit of x?
3
Let p(c) = -4862*c + 7025. What is the ten thousands digit of p(-7)?
4
Let o(s) = -35*s**2 + 34*s**2 - 1 + 1 + 21*s. Let m be o(26). Let k = m - -240. What is the hundreds digit of k?
1
Suppose -3*d = -v - 3*v - 69, -2*d = -6. Let p be ((-560)/v)/(-7)*15/(-4). What is the units digit of (-14)/(-16)*2*p?
5
Suppose -3*q - q - 4*j - 180 = 0, 61 = -q - 5*j. Let r = 88 + q. Suppose 41 + r = 2*s + 4*b, -2*s = -b - 93. What is the tens digit of s?
4
Let c = 38 + -35. Let a be (c - 7) + -20 + 1. Let o = a + 69. What is the units digit of o?
6
Let i = -459 - -465. Suppose -4*z + i*p - 4*p + 7498 = 0, 3*p - 5610 = -3*z. What is the tens digit of z?
7
Let l = -272 - -253. Let t(a) = -a**3 - 18*a**2 + 5*a + 10. What is the hundreds digit of t(l)?
2
What is the tens digit of (-9 - 3) + 6 + 8281?
7
Let c be (0 - -68)*(0 + 2). Let v be 11 + 1 - (53 + -46). Suppose v*p - c = 69. What is the tens digit of p?
4
Let f(r) = r**3 - 6*r**2 - 26*r - 47. What is the thousands digit of f(17)?
2
Let i(n) = 2004*n + 236. What is the tens digit of i(6)?
6
Let v = 1003 + 771. What is the tens digit of v?
7
Let r = -276 + 278. Suppose -2*u + 2534 = -r*l + 78, 5*u + l - 6116 = 0. What is the units digit of u?
4
Suppose -8*f + 186 = -2*f. What is the units digit of 8/(32/12)*f?
3
Let q(a) = 10*a**2 + 22*a - 80. Let j be 16/(-36) - 539/(-99). What is the hundreds digit of q(j)?
2
Let d(a) = 288*a**2 + 205*a - 240. What is the thousands digit of d(9)?
4
Suppose -f + 4*b - 18 = 0, 23 - 5 = -2*f + 2*b. What is the hundreds digit of -4*(f/(-3) - (-1036)/(-16))?
2
Let c = 53939 + -24094. What is the hundreds digit of c?
8
Suppose -98*s + 91*s = -7. What is the units digit of 237/s*4 + (-20)/(-5)?
2
Let g = 61678 - 30986. What is the ten thousands digit of g?
3
Let k be (8/(-6))/((-6)/(-432)). Suppose 4*f + f = -295. Let a = f - k. What is the units digit of a?
7
Let f(q) = 59*q**2 - 8*q + 26. Let u be f(8). Suppose -15*c = -c - u. What is the units digit of c?
7
Let z(c) = 6*c**2 + 122*c + 47. What is the hundreds digit of z(-49)?
4
Let s = -9 - -5. Let d(r) = -6*r + 8. Let k be d(s). Let y = 56 + k. What is the units digit of y?
8
Let c(a) = -1 + 2 - 4 + 4. Let g(h) = -47*h + 8. Let m(s) = 2*c(s) - g(s). What is the units digit of m(2)?
8
Let v = 26856 + -11639. What is the hundreds digit of v?
2
Suppose -12 = 3*g, 0 = -7*u + 4*u + 5*g + 812. Suppose -17*z = u - 1947. What is the tens digit of z?
9
Let h be (5/3)/((-1)/132). Suppose -3*a - 1220 = -5*j, 45 - 29 = 4*j. Let n = h - a. What is the hundreds digit of n?
1
Let h(b) = -15*b**2 + 4*b + 14. Let k be h(-3). Let c = 332 + k. What is the hundreds digit of c?
1
Suppose -3*r + 4*i + 63518 = -38210, 0 = 5*r - 11*i - 169577. What is the thousands digit of r?
3
Let l(u) be the second derivative of 11*u**3/6 + 11*u**2/2 - u. Let f be (-1 + 180/64)*4 + 15/20. What is the tens digit of l(f)?
9
Let q be -1 + 10/14 - 464/(-203). Suppose 4096 = 5*x - 4*l + 1034, 4*x = q*l + 2452. What is the units digit of x?
4
Suppose -10*f - 4*f = -308. Suppose f*i - 24*i - 5*a + 89 = 0, -5*a = -4*i + 253. What is the tens digit of i?
5
Suppose -141*x + 860324 = 26*x - 19*x. What is the units digit of x?
3
Let t be (-5)/((-20)/156) - 5. Let i be 10/(((-51)/t)/((-6)/8)). Suppose 3*y = -0*y + 5*w + 294, -3*y - i*w + 264 = 0. What is the units digit of y?
3
Let l(j) = 9*j**3 - 30*j**2 + 9*j - 109. Let o(d) = 4*d**3 - 15*d**2 + 5*d - 54. Let x(v) = 3*l(v) - 7*o(v). What is the tens digit of x(8)?
3
Let b = -194 - -400. Suppose -381 = -189*c + 62*c. Suppose -c*g = -4*s + 275, 5*s + 5*g - 129 = b. What is the units digit of s?
8
Suppose -8558 = -k + 3*p, -8*k + 4*p = -11085 - 57299. What is the tens digit of k?
4
Suppose 148196 = 41*k - 79149. What is the units digit of k?
5
Let c(k) = k**2 - k - 1. Let g(z) = -2*z - 2. Let w(o) = c(o) - g(o). Let u(f) = 9*f**2 + 7. Let a(r) = u(r) - 5*w(r). What is the units digit of a(4)?
6
Suppose -82*l + 76*l + 7620 = 0. Let v = l + -615. What is the hundreds digit of v?
6
Suppose w = 4*g + 3893 + 849, 2*g = 3*w - 14196. Suppose 2*l = 4*k - w, 2*k - 4*l - 909 - 1465 = 0. What is the units digit of k?
1
Suppose 32295 = 3*u - 2*m, 22*m = 2*u + 18*m - 21546. What is the thousands digit of u?
0
Let h(d) = 44*d**3 - 19*d**2 + 6*d - 137. What is the tens digit of h(7)?
6
Let i(c) = 3*c**2 + 18*c + 9. Let s be i(-6). Let t(j)